sands digit of 49844942?
8
What is the ten millions digit of 69872333?
6
What is the tens digit of 624114?
1
What is the units digit of 13128065?
5
What is the hundreds digit of 3994905757?
7
What is the hundred millions digit of 672281463?
6
What is the hundred millions digit of 1084839383?
0
What is the ten thousands digit of 35167147?
6
What is the tens digit of 218976536?
3
What is the millions digit of 168266847?
8
What is the units digit of 73984395?
5
What is the thousands digit of 1811940529?
0
What is the millions digit of 56145458?
6
What is the tens digit of 7802543231?
3
What is the millions digit of 136450758?
6
What is the thousands digit of 20425966?
5
What is the hundreds digit of 1190738783?
7
What is the hundred millions digit of 7316332583?
3
What is the tens digit of 2054257769?
6
What is the hundred thousands digit of 183436230?
4
What is the thousands digit of 6219166198?
6
What is the tens digit of 6730763063?
6
What is the hundreds digit of 209666834?
8
What is the units digit of 54523284?
4
What is the units digit of 416089742?
2
What is the tens digit of 598989330?
3
What is the millions digit of 73337571?
3
What is the thousands digit of 426666880?
6
What is the ten millions digit of 248155163?
4
What is the ten millions digit of 486150839?
8
What is the ten thousands digit of 4326534704?
3
What is the hundred thousands digit of 17764228?
7
What is the tens digit of 75428719?
1
What is the ten millions digit of 2511718518?
1
What is the hundreds digit of 469970153?
1
What is the hundred thousands digit of 218469417?
4
What is the hundreds digit of 26785774?
7
What is the hundred millions digit of 2847020139?
8
What is the hundreds digit of 1283883454?
4
What is the thousands digit of 832392741?
2
What is the units digit of 1158079767?
7
What is the hundred thousands digit of 146102213?
1
What is the tens digit of 1953205585?
8
What is the ten thousands digit of 12387007?
8
What is the thousands digit of 421000925?
0
What is the ten millions digit of 90067022?
9
What is the hundred thousands digit of 29872374?
8
What is the billions digit of 3003058185?
3
What is the ten thousands digit of 44709863?
0
What is the millions digit of 69319443?
9
What is the ten thousands digit of 1706403833?
0
What is the units digit of 4290093663?
3
What is the ten thousands digit of 199515408?
1
What is the hundred millions digit of 523757277?
5
What is the millions digit of 1780867491?
0
What is the tens digit of 3626238?
3
What is the billions digit of 6294063811?
6
What is the hundreds digit of 908066219?
2
What is the tens digit of 247747721?
2
What is the hundred millions digit of 129064427?
1
What is the hundreds digit of 228488141?
1
What is the units digit of 234898199?
9
What is the millions digit of 1552237979?
2
What is the billions digit of 3303389504?
3
What is the units digit of 1480166221?
1
What is the tens digit of 1520022575?
7
What is the ten millions digit of 348237543?
4
What is the ten thousands digit of 209184973?
8
What is the tens digit of 17931440?
4
What is the ten thousands digit of 457159120?
5
What is the hundred thousands digit of 1242622178?
6
What is the ten thousands digit of 6233049?
3
What is the ten thousands digit of 5264561360?
6
What is the millions digit of 73750642?
3
What is the units digit of 233854957?
7
What is the ten millions digit of 5120450987?
2
What is the ten millions digit of 4676111436?
7
What is the tens digit of 1369173889?
8
What is the ten thousands digit of 77070303?
7
What is the hundred thousands digit of 41988100?
9
What is the millions digit of 105855441?
5
What is the units digit of 29962232?
2
What is the units digit of 1652537131?
1
What is the hundreds digit of 72538483?
4
What is the thousands digit of 31360586?
0
What is the units digit of 2406911705?
5
What is the ten thousands digit of 403408065?
0
What is the hundred thousands digit of 656910034?
9
What is the hundred thousands digit of 1279375000?
3
What is the thousands digit of 547033481?
3
What is the tens digit of 642409375?
7
What is the ten thousands digit of 83408553?
0
What is the hundreds digit of 78222132?
1
What is the hundreds digit of 9171382?
3
What is the hundred thousands digit of 5053121260?
1
What is the hundred thousands digit of 37581015?
5
What is the units digit of 18187444?
4
What is the thousands digit of 523562397?
2
What is the thousands digit of 1800289210?
9
What is the ten millions digit of 50875755?
5
What is the ten millions digit of 588222880?
8
What is the units digit of 22749979?
9
What is the ten millions digit of 2572173575?
7
What is the millions digit of 1167639858?
7
What is the hundred thousands digit of 184858345?
8
What is the thousands digit of 8930919815?
9
What is the hundred millions digit of 5301766140?
3
What is the hundred millions digit of 472165702?
4
What is the thousands digit of 251216739?
6
What is the units digit of 72671698?
8
What is the ten millions digit of 2063452576?
6
What is the units digit of 90867757?
7
What is the tens digit of 3725399324?
2
What is the thousands digit of 888442?
8
What is the ten thousands digit of 1180365282?
6
What is the tens digit of 44550718?
1
What is the millions digit of 100391394?
0
What is the tens digit of 103034552?
5
What is the billions digit of 3963516073?
3
What is the millions digit of 92893910?
2
What is the hundred thousands digit of 176255767?
2
What is the ten millions digit of 670121020?
7
What is the ten thousands digit of 160963865?
6
What is the units digit of 37685119?
9
What is the ten millions digit of 99774146?
9
What is the ten thousands digit of 1833001327?
0
What is the hundred thousands digit of 256194115?
1
What is the hundred thousands digit of 136444003?
4
What is the thousands digit of 2071582316?
2
What is the thousands digit of 31285338?
5
What is the millions digit of 28355118?
8
What is the ten millions digit of 36443140?
3
What is the thousands digit of 42646505?
6
What is the ten millions digit of 360203612?
6
What is the tens digit of 16981034?
3
What is the thousands digit of 595543072?
3
What is the ten thousands digit of 57946462?
4
What is the hundred thousands digit of 3935042451?
0
What is the tens digit of 3595193016?
1
What is the tens digit of 6675801163?
6
What is the tens digit of 3490729837?
3
What is the ten millions digit of 58113832?
5
What is the hundreds digit of 342278029?
0
What is the millions digit of 1152618278?
2
What is the units digit of 499812012?
2
What is the units digit of 538682525?
5
What is the billions digit of 3689742072?
3
What is the ten millions digit of 39786810?
3
What is the thousands digit of 1371672254?
2
What is the units digit of 14115586?
6
What is the millions digit of 262572465?
2
What is the hundred thousands digit of 279997898?
9
What is the units digit of 15149613?
3
What is the hundred millions digit of 1346031415?
3
What is the hundreds digit of 120646772?
7
What is the hundreds digit of 451010330?
3
What is the tens digit of 41429554?
5
What is the thousands digit of 26610335?
0
What is the units digit of 182775909?
9
What is the hundreds digit of 2608185283?
2
What is the thousands digit of 133785081?
5
What is the thousands digit of 2965838?
5
What is the hundreds digit of 378257856?
8
What is the hundred millions digit of 1503443486?
5
What is the ten thousands digit of 5529350371?
5
What is the ten thousands digit of 1179395905?
9
What is the hundred millions digit of 187742337?
1
What is the tens digit of 584350276?
7
What is the tens digit of 1570798268?
6
What is the billions digit of 1699544475?
1
What is the hundreds digit of 53584910?
9
What is the units digit of 459837967?
7
What is the ten thousands digit of 3012510860?
1
What is the hundreds digit of 605315067?
0
What is the millions digit of 287296311?
7
What is the thousands digit of 261310070?
0
What is the units digit of 907208455?
5
What is the tens digit of 46692176?
7
What is the thousands digit of 67770891?
0
What is the millions digit of 1471311361?
1
What is the ten millions digit of 34250323?
3
What is the thousands digit of 3253466988?
6
What is the hundreds digit of 4045808436?
4
What is the hundred millions digit of 544427279?
5
What is the millions dig